{"id":3791,"date":"2021-08-24T10:10:42","date_gmt":"2021-08-24T10:10:42","guid":{"rendered":"https:\/\/marianneknab.de\/?page_id=3791"},"modified":"2021-08-24T10:14:05","modified_gmt":"2021-08-24T10:14:05","slug":"personal-yoga","status":"publish","type":"page","link":"https:\/\/marianneknab.de\/?page_id=3791","title":{"rendered":"Personal Yoga"},"content":{"rendered":"<section  class='av_textblock_section av-av_textblock-d6f9580a14a12f3e6487be244d7d664b'  itemscope=\"itemscope\" itemtype=\"https:\/\/schema.org\/CreativeWork\" ><div class='avia_textblock'  itemprop=\"text\" ><\/div><\/section>\n\n<style type=\"text\/css\" data-created_by=\"avia_inline_auto\" id=\"style-css-av-av_heading-c917a12aaae3c219da0fdbe1047df4e5\">\n#top .av-special-heading.av-av_heading-c917a12aaae3c219da0fdbe1047df4e5{\npadding-bottom:10px;\n}\nbody .av-special-heading.av-av_heading-c917a12aaae3c219da0fdbe1047df4e5 .av-special-heading-tag .heading-char{\nfont-size:25px;\n}\n.av-special-heading.av-av_heading-c917a12aaae3c219da0fdbe1047df4e5 .av-subheading{\nfont-size:15px;\n}\n<\/style>\n<div  class='av-special-heading av-av_heading-c917a12aaae3c219da0fdbe1047df4e5 av-special-heading-h3  avia-builder-el-1  el_after_av_textblock  el_before_av_hr '><h3 class='av-special-heading-tag'  itemprop=\"headline\"  >Personal Yoga &#8211; Individuelle Einzelstunden in Rheinhessen<\/h3><div class=\"special-heading-border\"><div class=\"special-heading-inner-border\"><\/div><\/div><\/div>\n<div  class='hr av-av_hr-0ff602b3e980a3377077ff3c1c834df6 hr-default  avia-builder-el-2  el_after_av_heading  el_before_av_one_third '><span class='hr-inner '><span class=\"hr-inner-style\"><\/span><\/span><\/div>\n\n<style type=\"text\/css\" data-created_by=\"avia_inline_auto\" id=\"style-css-av-av_one_third-15d750bd1b332b34c6e70b077ebbccdf\">\n.flex_column.av-av_one_third-15d750bd1b332b34c6e70b077ebbccdf{\n-webkit-border-radius:0px 0px 0px 0px;\n-moz-border-radius:0px 0px 0px 0px;\nborder-radius:0px 0px 0px 0px;\n}\n<\/style>\n<div class='flex_column av-av_one_third-15d750bd1b332b34c6e70b077ebbccdf av_one_third  avia-builder-el-3  el_after_av_hr  el_before_av_two_third  first flex_column_div av-zero-column-padding '     ><style type=\"text\/css\" data-created_by=\"avia_inline_auto\" id=\"style-css-av-av_image-8227b6a8a24afd15a170b3f8a4ef88cd\">\n.avia-image-container.av-av_image-8227b6a8a24afd15a170b3f8a4ef88cd img.avia_image{\nbox-shadow:none;\n}\n.avia-image-container.av-av_image-8227b6a8a24afd15a170b3f8a4ef88cd .av-image-caption-overlay-center{\ncolor:#ffffff;\n}\n<\/style>\n<div  class='avia-image-container av-av_image-8227b6a8a24afd15a170b3f8a4ef88cd av-styling- avia-align-center  avia-builder-el-4  avia-builder-el-no-sibling '   itemprop=\"image\" itemscope=\"itemscope\" itemtype=\"https:\/\/schema.org\/ImageObject\" ><div class=\"avia-image-container-inner\"><div class=\"avia-image-overlay-wrap\"><img decoding=\"async\" class='wp-image-3792 avia-img-lazy-loading-not-3792 avia_image ' src=\"https:\/\/marianneknab.de\/wp-content\/uploads\/2021\/08\/mk-portrait-180x180.jpg\" alt='' title='mk portrait'  height=\"180\" width=\"180\"  itemprop=\"thumbnailUrl\" srcset=\"https:\/\/marianneknab.de\/wp-content\/uploads\/2021\/08\/mk-portrait-180x180.jpg 180w, https:\/\/marianneknab.de\/wp-content\/uploads\/2021\/08\/mk-portrait-80x80.jpg 80w, https:\/\/marianneknab.de\/wp-content\/uploads\/2021\/08\/mk-portrait-36x36.jpg 36w, https:\/\/marianneknab.de\/wp-content\/uploads\/2021\/08\/mk-portrait-120x120.jpg 120w, https:\/\/marianneknab.de\/wp-content\/uploads\/2021\/08\/mk-portrait-450x450.jpg 450w\" sizes=\"(max-width: 180px) 100vw, 180px\" \/><\/div><\/div><\/div><\/div>\n\n<style type=\"text\/css\" data-created_by=\"avia_inline_auto\" id=\"style-css-av-av_two_third-c8fc129dc35fd1ae2a1e410224d39ea8\">\n.flex_column.av-av_two_third-c8fc129dc35fd1ae2a1e410224d39ea8{\n-webkit-border-radius:0px 0px 0px 0px;\n-moz-border-radius:0px 0px 0px 0px;\nborder-radius:0px 0px 0px 0px;\n}\n<\/style>\n<div class='flex_column av-av_two_third-c8fc129dc35fd1ae2a1e410224d39ea8 av_two_third  avia-builder-el-5  el_after_av_one_third  el_before_av_one_third  flex_column_div av-zero-column-padding '     ><section  class='av_textblock_section av-av_textblock-2de302bf1aa3cf4c9157dbe6f50ac7eb'  itemscope=\"itemscope\" itemtype=\"https:\/\/schema.org\/CreativeWork\" ><div class='avia_textblock'  itemprop=\"text\" ><h3 id=\"1201214695\" class=\"dmNewParagraph\" data-element-type=\"paragraph\" data-uialign=\"left\">Telefonisches Erstgespr\u00e4ch<\/h3>\n<div id=\"1083664961\" class=\"dmNewParagraph u_1083664961\" data-dmtmpl=\"true\" data-uialign=\"right\">\n<div>\n<p>\u00a020 min | Kostenfrei<\/p>\n<p>Gerne kl\u00e4re ich Dein Anliegen und eventuelle Fragen in einem ersten Telefongespr\u00e4ch.<\/p>\n<\/div>\n<div><\/div>\n<div>Ich freue mich \u00fcber ein erstes Gespr\u00e4ch.<br \/>\nEntweder per Telefon oder Zoom.<br \/>\n<a href=\"mailto:mknab@sinn-voll.com\"><strong>Einfach Mail mit Deinem Anliegen an mich senden,<\/strong><\/a><br \/>\nich rufe dann zur\u00fcck und wir vereinbaren einen Termin.<\/div>\n<div><\/div>\n<\/div>\n<\/div><\/section><\/div>\n\n<style type=\"text\/css\" data-created_by=\"avia_inline_auto\" id=\"style-css-av-av_one_third-15d750bd1b332b34c6e70b077ebbccdf\">\n.flex_column.av-av_one_third-15d750bd1b332b34c6e70b077ebbccdf{\n-webkit-border-radius:0px 0px 0px 0px;\n-moz-border-radius:0px 0px 0px 0px;\nborder-radius:0px 0px 0px 0px;\n}\n<\/style>\n<div class='flex_column av-av_one_third-15d750bd1b332b34c6e70b077ebbccdf av_one_third  avia-builder-el-7  el_after_av_two_third  el_before_av_two_third  first flex_column_div av-zero-column-padding column-top-margin'     ><style type=\"text\/css\" data-created_by=\"avia_inline_auto\" id=\"style-css-av-av_image-877921fc77d40130fcb209fd22222236\">\n.avia-image-container.av-av_image-877921fc77d40130fcb209fd22222236 img.avia_image{\nbox-shadow:none;\n}\n.avia-image-container.av-av_image-877921fc77d40130fcb209fd22222236 .av-image-caption-overlay-center{\ncolor:#ffffff;\n}\n<\/style>\n<div  class='avia-image-container av-av_image-877921fc77d40130fcb209fd22222236 av-styling- avia-align-center  avia-builder-el-8  avia-builder-el-no-sibling '   itemprop=\"image\" itemscope=\"itemscope\" itemtype=\"https:\/\/schema.org\/ImageObject\" ><div class=\"avia-image-container-inner\"><div class=\"avia-image-overlay-wrap\"><img decoding=\"async\" class='wp-image-3778 avia-img-lazy-loading-not-3778 avia_image ' src=\"https:\/\/marianneknab.de\/wp-content\/uploads\/2021\/08\/IMG_9668_Web-Kopie-180x180.jpg\" alt='' title='IMG_9668_Web Kopie'  height=\"180\" width=\"180\"  itemprop=\"thumbnailUrl\" srcset=\"https:\/\/marianneknab.de\/wp-content\/uploads\/2021\/08\/IMG_9668_Web-Kopie-180x180.jpg 180w, https:\/\/marianneknab.de\/wp-content\/uploads\/2021\/08\/IMG_9668_Web-Kopie-80x80.jpg 80w, https:\/\/marianneknab.de\/wp-content\/uploads\/2021\/08\/IMG_9668_Web-Kopie-36x36.jpg 36w, https:\/\/marianneknab.de\/wp-content\/uploads\/2021\/08\/IMG_9668_Web-Kopie-120x120.jpg 120w\" sizes=\"(max-width: 180px) 100vw, 180px\" \/><\/div><\/div><\/div><\/div>\n\n<style type=\"text\/css\" data-created_by=\"avia_inline_auto\" id=\"style-css-av-av_two_third-c8fc129dc35fd1ae2a1e410224d39ea8\">\n.flex_column.av-av_two_third-c8fc129dc35fd1ae2a1e410224d39ea8{\n-webkit-border-radius:0px 0px 0px 0px;\n-moz-border-radius:0px 0px 0px 0px;\nborder-radius:0px 0px 0px 0px;\n}\n<\/style>\n<div class='flex_column av-av_two_third-c8fc129dc35fd1ae2a1e410224d39ea8 av_two_third  avia-builder-el-9  el_after_av_one_third  el_before_av_one_third  flex_column_div av-zero-column-padding column-top-margin'     ><section  class='av_textblock_section av-av_textblock-2de302bf1aa3cf4c9157dbe6f50ac7eb'  itemscope=\"itemscope\" itemtype=\"https:\/\/schema.org\/CreativeWork\" ><div class='avia_textblock'  itemprop=\"text\" ><h3 id=\"1959755907\" class=\"dmNewParagraph\" data-element-type=\"paragraph\" data-uialign=\"left\">Erstberatung<\/h3>\n<p class=\"dmNewParagraph\" data-element-type=\"paragraph\" data-uialign=\"left\"><strong>Dein pers\u00f6nliches Anliegen &amp; Deine Bed\u00fcrfnisse im Focus<\/strong><\/p>\n<div id=\"1138092742\" class=\"dmNewParagraph u_1138092742\" data-dmtmpl=\"true\" data-uialign=\"right\">\n<div>\n<p>1 Std. 30 min |\u00a0 98,- \u20ac*<\/p>\n<ul class=\"innerList defaultList\">\n<li>Dein Anliegen &#8211; Erstberatung<\/li>\n<li>Yoga-Einheit mit Entspannung in Deinem Tempo und passend f\u00fcr Dein Level.<\/li>\n<li>individuell auf Deine Bed\u00fcrfnisse zugeschnittene \u00dcbungen f\u00fcr zu Hause.<\/li>\n<\/ul>\n<div><\/div>\n<\/div>\n<\/div>\n<\/div><\/section><\/div>\n\n<style type=\"text\/css\" data-created_by=\"avia_inline_auto\" id=\"style-css-av-av_one_third-15d750bd1b332b34c6e70b077ebbccdf\">\n.flex_column.av-av_one_third-15d750bd1b332b34c6e70b077ebbccdf{\n-webkit-border-radius:0px 0px 0px 0px;\n-moz-border-radius:0px 0px 0px 0px;\nborder-radius:0px 0px 0px 0px;\n}\n<\/style>\n<div class='flex_column av-av_one_third-15d750bd1b332b34c6e70b077ebbccdf av_one_third  avia-builder-el-11  el_after_av_two_third  el_before_av_two_third  first flex_column_div av-zero-column-padding column-top-margin'     ><style type=\"text\/css\" data-created_by=\"avia_inline_auto\" id=\"style-css-av-av_image-66e4678accea806284b0c7049a827a54\">\n.avia-image-container.av-av_image-66e4678accea806284b0c7049a827a54 img.avia_image{\nbox-shadow:none;\n}\n.avia-image-container.av-av_image-66e4678accea806284b0c7049a827a54 .av-image-caption-overlay-center{\ncolor:#ffffff;\n}\n<\/style>\n<div  class='avia-image-container av-av_image-66e4678accea806284b0c7049a827a54 av-styling- avia-align-center  avia-builder-el-12  avia-builder-el-no-sibling '   itemprop=\"image\" itemscope=\"itemscope\" itemtype=\"https:\/\/schema.org\/ImageObject\" ><div class=\"avia-image-container-inner\"><div class=\"avia-image-overlay-wrap\"><img decoding=\"async\" class='wp-image-3795 avia-img-lazy-loading-not-3795 avia_image ' src=\"https:\/\/marianneknab.de\/wp-content\/uploads\/2021\/08\/Yoga-2-180x180.jpg\" alt='' title='Yoga-2'  height=\"180\" width=\"180\"  itemprop=\"thumbnailUrl\" srcset=\"https:\/\/marianneknab.de\/wp-content\/uploads\/2021\/08\/Yoga-2-180x180.jpg 180w, https:\/\/marianneknab.de\/wp-content\/uploads\/2021\/08\/Yoga-2-80x80.jpg 80w, https:\/\/marianneknab.de\/wp-content\/uploads\/2021\/08\/Yoga-2-36x36.jpg 36w, https:\/\/marianneknab.de\/wp-content\/uploads\/2021\/08\/Yoga-2-120x120.jpg 120w, https:\/\/marianneknab.de\/wp-content\/uploads\/2021\/08\/Yoga-2-450x450.jpg 450w\" sizes=\"(max-width: 180px) 100vw, 180px\" \/><\/div><\/div><\/div><\/div>\n\n<style type=\"text\/css\" data-created_by=\"avia_inline_auto\" id=\"style-css-av-av_two_third-c8fc129dc35fd1ae2a1e410224d39ea8\">\n.flex_column.av-av_two_third-c8fc129dc35fd1ae2a1e410224d39ea8{\n-webkit-border-radius:0px 0px 0px 0px;\n-moz-border-radius:0px 0px 0px 0px;\nborder-radius:0px 0px 0px 0px;\n}\n<\/style>\n<div class='flex_column av-av_two_third-c8fc129dc35fd1ae2a1e410224d39ea8 av_two_third  avia-builder-el-13  el_after_av_one_third  avia-builder-el-last  flex_column_div av-zero-column-padding column-top-margin'     ><section  class='av_textblock_section av-av_textblock-2de302bf1aa3cf4c9157dbe6f50ac7eb'  itemscope=\"itemscope\" itemtype=\"https:\/\/schema.org\/CreativeWork\" ><div class='avia_textblock'  itemprop=\"text\" ><h3 id=\"1277649170\" class=\"dmNewParagraph\" data-element-type=\"paragraph\" data-uialign=\"left\">Einzelstunde YOGA mit Marianne<\/h3>\n<div id=\"1533588567\" class=\"dmNewParagraph u_1533588567\" data-dmtmpl=\"true\" data-uialign=\"right\">\n<div>1 Std. |\u00a0 70,- \u20ac<br \/>\n1 Std. 30 min |\u00a0 98,- \u20ac<\/div>\n<div>\n<ul class=\"innerList defaultList\">\n<li>Dein Anliegen f\u00fcr die Stunde<\/li>\n<li>Deine pers\u00f6nliche Yoga-Einheit mit Entspannung<\/li>\n<li>Auf Wunsch eine Meditations\u00fcbung<\/li>\n<\/ul>\n<\/div>\n<\/div>\n<\/div><\/section><\/div>\n","protected":false},"excerpt":{"rendered":"","protected":false},"author":1,"featured_media":0,"parent":0,"menu_order":0,"comment_status":"closed","ping_status":"closed","template":"","meta":{"footnotes":""},"class_list":["post-3791","page","type-page","status-publish","hentry"],"_links":{"self":[{"href":"https:\/\/marianneknab.de\/index.php?rest_route=\/wp\/v2\/pages\/3791","targetHints":{"allow":["GET"]}}],"collection":[{"href":"https:\/\/marianneknab.de\/index.php?rest_route=\/wp\/v2\/pages"}],"about":[{"href":"https:\/\/marianneknab.de\/index.php?rest_route=\/wp\/v2\/types\/page"}],"author":[{"embeddable":true,"href":"https:\/\/marianneknab.de\/index.php?rest_route=\/wp\/v2\/users\/1"}],"replies":[{"embeddable":true,"href":"https:\/\/marianneknab.de\/index.php?rest_route=%2Fwp%2Fv2%2Fcomments&post=3791"}],"version-history":[{"count":10,"href":"https:\/\/marianneknab.de\/index.php?rest_route=\/wp\/v2\/pages\/3791\/revisions"}],"predecessor-version":[{"id":3803,"href":"https:\/\/marianneknab.de\/index.php?rest_route=\/wp\/v2\/pages\/3791\/revisions\/3803"}],"wp:attachment":[{"href":"https:\/\/marianneknab.de\/index.php?rest_route=%2Fwp%2Fv2%2Fmedia&parent=3791"}],"curies":[{"name":"wp","href":"https:\/\/api.w.org\/{rel}","templated":true}]}}