{"id":3289,"date":"2020-12-19T19:13:51","date_gmt":"2020-12-19T19:13:51","guid":{"rendered":"http:\/\/marianneknab.de\/?page_id=3289"},"modified":"2025-12-29T18:00:38","modified_gmt":"2025-12-29T18:00:38","slug":"retreats-auszeiten","status":"publish","type":"page","link":"https:\/\/marianneknab.de\/?page_id=3289","title":{"rendered":"Retreats"},"content":{"rendered":"\n<style type=\"text\/css\" data-created_by=\"avia_inline_auto\" id=\"style-css-av-lu9mk8p5-3208322cf1380f185cbc605e89569325\">\n#top .av-special-heading.av-lu9mk8p5-3208322cf1380f185cbc605e89569325{\npadding-bottom:10px;\n}\nbody .av-special-heading.av-lu9mk8p5-3208322cf1380f185cbc605e89569325 .av-special-heading-tag .heading-char{\nfont-size:25px;\n}\n.av-special-heading.av-lu9mk8p5-3208322cf1380f185cbc605e89569325 .av-subheading{\nfont-size:15px;\n}\n<\/style>\n<div  class='av-special-heading av-lu9mk8p5-3208322cf1380f185cbc605e89569325 av-special-heading-h3  avia-builder-el-0  el_before_av_hr  avia-builder-el-first '><h3 class='av-special-heading-tag'  itemprop=\"headline\"  >Auszeiten mit Marianne <\/h3><div class=\"special-heading-border\"><div class=\"special-heading-inner-border\"><\/div><\/div><\/div>\n<div  class='hr av-2qogc9-a729937a0e569587c6e0bcb7ee9417a0 hr-default  avia-builder-el-1  el_after_av_heading  el_before_av_textblock '><span class='hr-inner '><span class=\"hr-inner-style\"><\/span><\/span><\/div>\n<section  class='av_textblock_section av-m4d1175z-6272802ff35b5e4d98f33556bdd38c79'  itemscope=\"itemscope\" itemtype=\"https:\/\/schema.org\/CreativeWork\" ><div class='avia_textblock'  itemprop=\"text\" ><p><img loading=\"lazy\" decoding=\"async\" class=\"alignnone wp-image-3562 size-full\" src=\"https:\/\/marianneknab.de\/wp-content\/uploads\/2021\/04\/jordans-untermuehle-yogaraum.jpg\" alt=\"\" width=\"1440\" height=\"524\" srcset=\"https:\/\/marianneknab.de\/wp-content\/uploads\/2021\/04\/jordans-untermuehle-yogaraum.jpg 1440w, https:\/\/marianneknab.de\/wp-content\/uploads\/2021\/04\/jordans-untermuehle-yogaraum-300x109.jpg 300w, https:\/\/marianneknab.de\/wp-content\/uploads\/2021\/04\/jordans-untermuehle-yogaraum-1030x375.jpg 1030w, https:\/\/marianneknab.de\/wp-content\/uploads\/2021\/04\/jordans-untermuehle-yogaraum-768x279.jpg 768w, https:\/\/marianneknab.de\/wp-content\/uploads\/2021\/04\/jordans-untermuehle-yogaraum-705x257.jpg 705w, https:\/\/marianneknab.de\/wp-content\/uploads\/2021\/04\/jordans-untermuehle-yogaraum-450x164.jpg 450w\" sizes=\"auto, (max-width: 1440px) 100vw, 1440px\" \/><\/p>\n<\/div><\/section>\n<section  class='av_textblock_section av-maxtlis5-b6fd018c1f9d88a494acecaf314c5c01'  itemscope=\"itemscope\" itemtype=\"https:\/\/schema.org\/CreativeWork\" ><div class='avia_textblock'  itemprop=\"text\" ><h4>Ort: Jordans Unterm\u00fchle \/Rheinhessen<strong>:<br \/>\n<\/strong><\/h4>\n<h4><strong>immer Montags 11 &#8211; 12 Uhr &#8211; Yoga f\u00fcr G\u00e4ste<\/strong><\/h4>\n<\/div><\/section>\n<div  class='hr av-3vynfd-fab1b26387f7b76b501c29225c4889d2 hr-default  avia-builder-el-4  el_after_av_textblock  el_before_av_one_half '><span class='hr-inner '><span class=\"hr-inner-style\"><\/span><\/span><\/div>\n<div class='flex_column av-5z9cax-b186049b38a4fc63975b9bb6148ae4c0 av_one_half  avia-builder-el-5  el_after_av_hr  el_before_av_one_half  first flex_column_div '     ><p>\n<style type=\"text\/css\" data-created_by=\"avia_inline_auto\" id=\"style-css-av-4bgkax-adb0a1f690f9f8c835c51046c32bd02e\">\n#top .av-special-heading.av-4bgkax-adb0a1f690f9f8c835c51046c32bd02e{\npadding-bottom:10px;\n}\nbody .av-special-heading.av-4bgkax-adb0a1f690f9f8c835c51046c32bd02e .av-special-heading-tag .heading-char{\nfont-size:25px;\n}\n.av-special-heading.av-4bgkax-adb0a1f690f9f8c835c51046c32bd02e .av-subheading{\nfont-size:15px;\n}\n<\/style>\n<div  class='av-special-heading av-4bgkax-adb0a1f690f9f8c835c51046c32bd02e av-special-heading-h3  avia-builder-el-6  el_before_av_image  avia-builder-el-first '><h3 class='av-special-heading-tag'  itemprop=\"headline\"  >Gesundheit ist Reichtum<\/h3><div class=\"special-heading-border\"><div class=\"special-heading-inner-border\"><\/div><\/div><\/div><br \/>\n\n<style type=\"text\/css\" data-created_by=\"avia_inline_auto\" id=\"style-css-av-lu9q9s2r-0c3a7da2fd97007f5847902643dae5ae\">\n.avia-image-container.av-lu9q9s2r-0c3a7da2fd97007f5847902643dae5ae img.avia_image{\nbox-shadow:none;\n}\n.avia-image-container.av-lu9q9s2r-0c3a7da2fd97007f5847902643dae5ae .av-image-caption-overlay-center{\ncolor:#ffffff;\n}\n<\/style>\n<div  class='avia-image-container av-lu9q9s2r-0c3a7da2fd97007f5847902643dae5ae av-styling- avia-align-center  avia-builder-el-7  el_after_av_heading  el_before_av_textblock '   itemprop=\"image\" itemscope=\"itemscope\" itemtype=\"https:\/\/schema.org\/ImageObject\" ><div class=\"avia-image-container-inner\"><div class=\"avia-image-overlay-wrap\"><img decoding=\"async\" class='wp-image-3778 avia-img-lazy-loading-not-3778 avia_image ' src=\"https:\/\/marianneknab.de\/wp-content\/uploads\/2021\/08\/IMG_9668_Web-Kopie-300x229.jpg\" alt='' title='IMG_9668_Web Kopie'  height=\"229\" width=\"300\"  itemprop=\"thumbnailUrl\" srcset=\"https:\/\/marianneknab.de\/wp-content\/uploads\/2021\/08\/IMG_9668_Web-Kopie-300x229.jpg 300w, https:\/\/marianneknab.de\/wp-content\/uploads\/2021\/08\/IMG_9668_Web-Kopie-450x343.jpg 450w, https:\/\/marianneknab.de\/wp-content\/uploads\/2021\/08\/IMG_9668_Web-Kopie.jpg 500w\" sizes=\"(max-width: 300px) 100vw, 300px\" \/><\/div><\/div><\/div><br \/>\n<section  class='av_textblock_section av-lu9q8d8q-46cf718e45b5de7bb799c6604f18d27e'  itemscope=\"itemscope\" itemtype=\"https:\/\/schema.org\/CreativeWork\" ><div class='avia_textblock'  itemprop=\"text\" ><h4>Gesundheit ist Reichtum<\/h4>\n<h4>Seelenfrieden ist Gl\u00fcck<\/h4>\n<h4>YOGA zeigt den Weg.<\/h4>\n<p><em>Swami sivananda<\/em><\/p>\n<\/div><\/section><\/p><\/div>\n<div class='flex_column av-6ax81l-5f405f47121264c3539401fb52e86dc5 av_one_half  avia-builder-el-9  el_after_av_one_half  el_before_av_hr  flex_column_div '     ><p>\n<style type=\"text\/css\" data-created_by=\"avia_inline_auto\" id=\"style-css-av-3yfdvd-c3b8fa4c2b4d75fc8cb6ae41eb1a2632\">\n#top .av-special-heading.av-3yfdvd-c3b8fa4c2b4d75fc8cb6ae41eb1a2632{\npadding-bottom:10px;\n}\nbody .av-special-heading.av-3yfdvd-c3b8fa4c2b4d75fc8cb6ae41eb1a2632 .av-special-heading-tag .heading-char{\nfont-size:25px;\n}\n.av-special-heading.av-3yfdvd-c3b8fa4c2b4d75fc8cb6ae41eb1a2632 .av-subheading{\nfont-size:15px;\n}\n<\/style>\n<div  class='av-special-heading av-3yfdvd-c3b8fa4c2b4d75fc8cb6ae41eb1a2632 av-special-heading-h3  avia-builder-el-10  el_before_av_textblock  avia-builder-el-first '><h3 class='av-special-heading-tag'  itemprop=\"headline\"  >Atem \u00dcbung &#8211; Gelassenheit<\/h3><div class=\"special-heading-border\"><div class=\"special-heading-inner-border\"><\/div><\/div><\/div><br \/>\n<section  class='av_textblock_section av-2ioteh-44e4d32ba12cab2e503030acd1941033'  itemscope=\"itemscope\" itemtype=\"https:\/\/schema.org\/CreativeWork\" ><div class='avia_textblock'  itemprop=\"text\" ><p>langsamer, bewusster, menschlicher<\/p>\n<p><strong>ATEM \u00dcbung f\u00fcr mehr Gelassenheit<br \/>\n<\/strong><\/p>\n<p>Folgende \u00dcbung k\u00f6nntest du anwenden wenn du gestressst bist, deine Gef\u00fchle mit dir durchgehen oder einfach wieder aus dem Kopfkino raus kommen willst;<\/p>\n<p><strong>4 &#8211; 7 &#8211; 8 = die Zauberformel<\/strong><\/p>\n<p>Atme tief ein &#8211; z\u00e4hle langsam bis <strong>4<\/strong><\/p>\n<p>Halte den Atem ein &#8211; z\u00e4hle <strong>7<\/strong> Sekunden<\/p>\n<p>Atme tief und langsam aus &#8211; z\u00e4hle bis <strong>8<\/strong><\/p>\n<p>Wiederhole diese bewusste Atmung bis du merkst es ist gut &#8211;<br \/>\nIch bin wieder bei mir.<\/p>\n<p>Schenke dir dann ein L\u00e4cheln.<\/p>\n<p>Vielleicht kannst du dann mit Abstand alles was dich trickert anschauen und gelassener sein.<\/p>\n<\/div><\/section><\/p><\/div>\n<div  class='hr av-dxpuax-b8c552ec883ee33348f97ceb49f2df63 hr-default  avia-builder-el-12  el_after_av_one_half  el_before_av_hr '><span class='hr-inner '><span class=\"hr-inner-style\"><\/span><\/span><\/div>\n<div  class='hr av-7nawnt-b4e53658e66bde79cbb6cdca854cb322 hr-default  avia-builder-el-13  el_after_av_hr  el_before_av_magazine '><span class='hr-inner '><span class=\"hr-inner-style\"><\/span><\/span><\/div>\n<div  id=\"avia-magazine-1\"  class='av-magazine av-5xewbt-20895bf8b389b6dfb654fcf2fe3ff389 av-magazine-top-bar-active av-magazine-tabs-active  avia-builder-el-14  el_after_av_hr  el_before_av_textblock   avia-builder-el-14  el_after_av_hr  el_before_av_textblock ' ><div class='av-magazine-top-bar '><\/div><div class='av-magazine-group sort_all'><article class='av-magazine-entry av-magazine-entry-id-4287 av-magazine-format-standard av-magazine-type-post av-magazine-entry-1 av-magazine-entry-small '  itemscope=\"itemscope\" itemtype=\"https:\/\/schema.org\/CreativeWork\" ><div class=\"av-magazine-thumbnail\"><a href='https:\/\/marianneknab.de\/?p=4287' title='Link zu: Yoga Herbst Retreat Okt. 2024' class='av-magazine-thumbnail-link'><img decoding=\"async\" width=\"80\" height=\"80\" src=\"https:\/\/marianneknab.de\/wp-content\/uploads\/2024\/05\/Fuelle-ernte-dank-jordans-80x80.jpg\" class=\"wp-image-4307 avia-img-lazy-loading-not-4307 attachment-thumbnail size-thumbnail wp-post-image\" alt=\"\" srcset=\"https:\/\/marianneknab.de\/wp-content\/uploads\/2024\/05\/Fuelle-ernte-dank-jordans-80x80.jpg 80w, https:\/\/marianneknab.de\/wp-content\/uploads\/2024\/05\/Fuelle-ernte-dank-jordans-300x300.jpg 300w, https:\/\/marianneknab.de\/wp-content\/uploads\/2024\/05\/Fuelle-ernte-dank-jordans-768x768.jpg 768w, https:\/\/marianneknab.de\/wp-content\/uploads\/2024\/05\/Fuelle-ernte-dank-jordans-36x36.jpg 36w, https:\/\/marianneknab.de\/wp-content\/uploads\/2024\/05\/Fuelle-ernte-dank-jordans-180x180.jpg 180w, https:\/\/marianneknab.de\/wp-content\/uploads\/2024\/05\/Fuelle-ernte-dank-jordans-705x705.jpg 705w, https:\/\/marianneknab.de\/wp-content\/uploads\/2024\/05\/Fuelle-ernte-dank-jordans.jpg 800w\" sizes=\"(max-width: 80px) 100vw, 80px\" \/><\/a><\/div><div class=\"av-magazine-content-wrap\"><header class=\"entry-content-header\"><time class='av-magazine-time updated'  itemprop=\"datePublished\" datetime=\"2024-05-29T10:56:52+00:00\" >Mai 29, 2024<\/time><h3 class='av-magazine-title entry-title '  itemprop=\"headline\" ><a href='https:\/\/marianneknab.de\/?p=4287' title='Link zu: Yoga Herbst Retreat Okt. 2024'>Yoga Herbst Retreat Okt. 2024<\/a><\/h3><\/header><\/div><footer class=\"entry-footer\"><\/footer><\/article><article class='av-magazine-entry av-magazine-entry-id-4111 av-magazine-format-standard av-magazine-type-post av-magazine-entry-2 av-magazine-entry-small '  itemscope=\"itemscope\" itemtype=\"https:\/\/schema.org\/CreativeWork\" ><div class=\"av-magazine-thumbnail\"><a href='https:\/\/marianneknab.de\/?p=4111' title='Link zu: Neujahrs Retreat: YOGA &#038; R\u00e4uchern in den Rauhn\u00e4chten' class='av-magazine-thumbnail-link'><img decoding=\"async\" width=\"80\" height=\"80\" src=\"https:\/\/marianneknab.de\/wp-content\/uploads\/2021\/08\/IMG_9668_Web-Kopie-80x80.jpg\" class=\"wp-image-3778 avia-img-lazy-loading-not-3778 attachment-thumbnail size-thumbnail wp-post-image\" alt=\"\" srcset=\"https:\/\/marianneknab.de\/wp-content\/uploads\/2021\/08\/IMG_9668_Web-Kopie-80x80.jpg 80w, https:\/\/marianneknab.de\/wp-content\/uploads\/2021\/08\/IMG_9668_Web-Kopie-36x36.jpg 36w, https:\/\/marianneknab.de\/wp-content\/uploads\/2021\/08\/IMG_9668_Web-Kopie-180x180.jpg 180w, https:\/\/marianneknab.de\/wp-content\/uploads\/2021\/08\/IMG_9668_Web-Kopie-120x120.jpg 120w\" sizes=\"(max-width: 80px) 100vw, 80px\" \/><\/a><\/div><div class=\"av-magazine-content-wrap\"><header class=\"entry-content-header\"><time class='av-magazine-time updated'  itemprop=\"datePublished\" datetime=\"2023-08-29T10:42:37+00:00\" >August 29, 2023<\/time><h3 class='av-magazine-title entry-title '  itemprop=\"headline\" ><a href='https:\/\/marianneknab.de\/?p=4111' title='Link zu: Neujahrs Retreat: YOGA &#038; R\u00e4uchern in den Rauhn\u00e4chten'>Neujahrs Retreat: YOGA &#038; R\u00e4uchern in den Rauhn\u00e4chten<\/a><\/h3><\/header><\/div><footer class=\"entry-footer\"><\/footer><\/article><article class='av-magazine-entry av-magazine-entry-id-4024 av-magazine-format-standard av-magazine-type-post av-magazine-entry-3 av-magazine-entry-small '  itemscope=\"itemscope\" itemtype=\"https:\/\/schema.org\/CreativeWork\" ><div class=\"av-magazine-thumbnail\"><a href='https:\/\/marianneknab.de\/?p=4024' title='Link zu: YOGA Retreat am Frauentag 8. M\u00e4rz 2023' class='av-magazine-thumbnail-link'><img decoding=\"async\" width=\"80\" height=\"80\" src=\"https:\/\/marianneknab.de\/wp-content\/uploads\/2014\/04\/P\u00e4onie-R\u00fcschen-80x80.jpg\" class=\"wp-image-922 avia-img-lazy-loading-not-922 attachment-thumbnail size-thumbnail wp-post-image\" alt=\"\" srcset=\"https:\/\/marianneknab.de\/wp-content\/uploads\/2014\/04\/P\u00e4onie-R\u00fcschen-80x80.jpg 80w, https:\/\/marianneknab.de\/wp-content\/uploads\/2014\/04\/P\u00e4onie-R\u00fcschen-36x36.jpg 36w, https:\/\/marianneknab.de\/wp-content\/uploads\/2014\/04\/P\u00e4onie-R\u00fcschen-180x180.jpg 180w, https:\/\/marianneknab.de\/wp-content\/uploads\/2014\/04\/P\u00e4onie-R\u00fcschen-120x120.jpg 120w, https:\/\/marianneknab.de\/wp-content\/uploads\/2014\/04\/P\u00e4onie-R\u00fcschen-450x450.jpg 450w\" sizes=\"(max-width: 80px) 100vw, 80px\" \/><\/a><\/div><div class=\"av-magazine-content-wrap\"><header class=\"entry-content-header\"><time class='av-magazine-time updated'  itemprop=\"datePublished\" datetime=\"2023-01-12T13:37:51+00:00\" >Januar 12, 2023<\/time><h3 class='av-magazine-title entry-title '  itemprop=\"headline\" ><a href='https:\/\/marianneknab.de\/?p=4024' title='Link zu: YOGA Retreat am Frauentag 8. M\u00e4rz 2023'>YOGA Retreat am Frauentag 8. M\u00e4rz 2023<\/a><\/h3><\/header><\/div><footer class=\"entry-footer\"><\/footer><\/article><article class='av-magazine-entry av-magazine-entry-id-3263 av-magazine-format-standard av-magazine-type-post av-magazine-entry-4 av-magazine-entry-small '  itemscope=\"itemscope\" itemtype=\"https:\/\/schema.org\/CreativeWork\" ><div class=\"av-magazine-thumbnail\"><a href='https:\/\/marianneknab.de\/?p=3263' title='Link zu: 9.-12. OKT. 22  &#8220; Dem Gl\u00fcck auf der Spur&#8220;  YOGA. NATUR. GENUSS.' class='av-magazine-thumbnail-link'><img decoding=\"async\" width=\"80\" height=\"80\" src=\"https:\/\/marianneknab.de\/wp-content\/uploads\/2021\/02\/Glu\u0308ck-anku\u0308ndigung-okt22--80x80.jpeg\" class=\"wp-image-3942 avia-img-lazy-loading-not-3942 attachment-thumbnail size-thumbnail wp-post-image\" alt=\"\" srcset=\"https:\/\/marianneknab.de\/wp-content\/uploads\/2021\/02\/Glu\u0308ck-anku\u0308ndigung-okt22--80x80.jpeg 80w, https:\/\/marianneknab.de\/wp-content\/uploads\/2021\/02\/Glu\u0308ck-anku\u0308ndigung-okt22--36x36.jpeg 36w, https:\/\/marianneknab.de\/wp-content\/uploads\/2021\/02\/Glu\u0308ck-anku\u0308ndigung-okt22--180x180.jpeg 180w\" sizes=\"(max-width: 80px) 100vw, 80px\" \/><\/a><\/div><div class=\"av-magazine-content-wrap\"><header class=\"entry-content-header\"><time class='av-magazine-time updated'  itemprop=\"datePublished\" datetime=\"2021-02-02T09:56:51+00:00\" >Februar 2, 2021<\/time><h3 class='av-magazine-title entry-title '  itemprop=\"headline\" ><a href='https:\/\/marianneknab.de\/?p=3263' title='Link zu: 9.-12. OKT. 22  &#8220; Dem Gl\u00fcck auf der Spur&#8220;  YOGA. NATUR. GENUSS.'>9.-12. OKT. 22  &#8220; Dem Gl\u00fcck auf der Spur&#8220;  YOGA. NATUR. GENUSS.<\/a><\/h3><\/header><\/div><footer class=\"entry-footer\"><\/footer><\/article><article class='av-magazine-entry av-magazine-entry-id-3412 av-magazine-format-standard av-magazine-type-post av-magazine-entry-5 av-magazine-entry-small '  itemscope=\"itemscope\" itemtype=\"https:\/\/schema.org\/CreativeWork\" ><div class=\"av-magazine-thumbnail\"><a href='https:\/\/marianneknab.de\/?p=3412' title='Link zu: Seminar &#8211; Wie Liebe und ein erf\u00fclltes Leben gelingt' class='av-magazine-thumbnail-link'><img decoding=\"async\" width=\"80\" height=\"80\" src=\"https:\/\/marianneknab.de\/wp-content\/uploads\/2021\/01\/Wie-Liebe-gelingt-Bild-80x80.png\" class=\"wp-image-3418 avia-img-lazy-loading-not-3418 attachment-thumbnail size-thumbnail wp-post-image\" alt=\"\" srcset=\"https:\/\/marianneknab.de\/wp-content\/uploads\/2021\/01\/Wie-Liebe-gelingt-Bild-80x80.png 80w, https:\/\/marianneknab.de\/wp-content\/uploads\/2021\/01\/Wie-Liebe-gelingt-Bild-36x36.png 36w, https:\/\/marianneknab.de\/wp-content\/uploads\/2021\/01\/Wie-Liebe-gelingt-Bild-180x180.png 180w, https:\/\/marianneknab.de\/wp-content\/uploads\/2021\/01\/Wie-Liebe-gelingt-Bild-120x120.png 120w, https:\/\/marianneknab.de\/wp-content\/uploads\/2021\/01\/Wie-Liebe-gelingt-Bild-450x450.png 450w\" sizes=\"(max-width: 80px) 100vw, 80px\" \/><\/a><\/div><div class=\"av-magazine-content-wrap\"><header class=\"entry-content-header\"><time class='av-magazine-time updated'  itemprop=\"datePublished\" datetime=\"2021-01-02T19:08:36+00:00\" >Januar 2, 2021<\/time><h3 class='av-magazine-title entry-title '  itemprop=\"headline\" ><a href='https:\/\/marianneknab.de\/?p=3412' title='Link zu: Seminar &#8211; Wie Liebe und ein erf\u00fclltes Leben gelingt'>Seminar &#8211; Wie Liebe und ein erf\u00fclltes Leben gelingt<\/a><\/h3><\/header><\/div><footer class=\"entry-footer\"><\/footer><\/article><\/div><\/div>\n<section  class='av_textblock_section av-3qxjd5-054c28bf9a277c19bf7a4b010ebc2e82'  itemscope=\"itemscope\" itemtype=\"https:\/\/schema.org\/CreativeWork\" ><div class='avia_textblock'  itemprop=\"text\" ><p>Klicke hier, um Ihren eigenen Text einzuf\u00fcgen<\/p>\n<\/div><\/section>\n<section  class='av_textblock_section av-22yjll-1c09b3715adc9e6b6c44fbdb2ecc420c'  itemscope=\"itemscope\" itemtype=\"https:\/\/schema.org\/CreativeWork\" ><div class='avia_textblock'  itemprop=\"text\" ><p>Klicke hier, um Ihren eigenen Text einzuf\u00fcgen<\/p>\n<\/div><\/section>\n<div  class='av_promobox av-34u53t-732adfa910adb2c38d238777ddcfe277 avia-button-yes  avia-builder-el-17  el_after_av_textblock  avia-builder-el-last '><div class='avia-promocontent'><p>\nHallo Fremder! Dies ist ein Beispieltext f\u00fcr deine fantastische Promo-Box. Es steht dir frei, diesen Text zu l\u00f6schen oder durch deinen eigenen Text zu ersetzen!<\/p>\n<\/div><div  class='avia-button-wrap av-34u53t-ef36729b7c92634e174526a27523e96d-wrap avia-button-right ' ><a href=''  class='avia-button av-34u53t-ef36729b7c92634e174526a27523e96d avia-icon_select-no avia-size-large avia-position-right avia-color-theme-color' ><span class='avia_iconbox_title' >Klick mich<\/span><\/a><\/div><\/div>\n","protected":false},"excerpt":{"rendered":"","protected":false},"author":1,"featured_media":0,"parent":0,"menu_order":0,"comment_status":"closed","ping_status":"closed","template":"","meta":{"footnotes":""},"class_list":["post-3289","page","type-page","status-publish","hentry"],"_links":{"self":[{"href":"https:\/\/marianneknab.de\/index.php?rest_route=\/wp\/v2\/pages\/3289","targetHints":{"allow":["GET"]}}],"collection":[{"href":"https:\/\/marianneknab.de\/index.php?rest_route=\/wp\/v2\/pages"}],"about":[{"href":"https:\/\/marianneknab.de\/index.php?rest_route=\/wp\/v2\/types\/page"}],"author":[{"embeddable":true,"href":"https:\/\/marianneknab.de\/index.php?rest_route=\/wp\/v2\/users\/1"}],"replies":[{"embeddable":true,"href":"https:\/\/marianneknab.de\/index.php?rest_route=%2Fwp%2Fv2%2Fcomments&post=3289"}],"version-history":[{"count":93,"href":"https:\/\/marianneknab.de\/index.php?rest_route=\/wp\/v2\/pages\/3289\/revisions"}],"predecessor-version":[{"id":4353,"href":"https:\/\/marianneknab.de\/index.php?rest_route=\/wp\/v2\/pages\/3289\/revisions\/4353"}],"wp:attachment":[{"href":"https:\/\/marianneknab.de\/index.php?rest_route=%2Fwp%2Fv2%2Fmedia&parent=3289"}],"curies":[{"name":"wp","href":"https:\/\/api.w.org\/{rel}","templated":true}]}}